 3 = -2, 226 = -2*m + 4*j. What is the remainder when 2/((-2)/m) - -3 is divided by 39?
36
Let g(d) = -11*d**2 - 9*d + 4. Let a(u) = -5*u**2 - 4*u + 2. Let v(h) = 13*a(h) - 6*g(h). What is the remainder when 33 is divided by v(-5)?
16
Let d(m) = 2*m - 3. What is the remainder when 7 + (140/14 - 3) is divided by d(6)?
5
Calculate the remainder when 216 is divided by ((-2)/(16/(-12)))/(9/438).
70
Suppose 0 = v - 3*t - 49, -3*v + 10*t + 163 = 9*t. What is the remainder when v is divided by 2?
1
Let v = 1504 - 1221. What is the remainder when v is divided by 71?
70
Suppose -4*q - 90 = q. Let p = 4 - q. Calculate the remainder when p is divided by 6.
4
What is the remainder when 158 is divided by (-3)/9*4*(-7 + -23)?
38
Suppose 15*c + 426 = 1611. Let s = -68 + c. What is the remainder when 17 is divided by s?
6
Let s(x) = x**2 + 8*x - 11. Let k be s(5). Suppose 0*y - 2*y + k = 2*m, 2*y = -4*m + 64. Calculate the remainder when 85 is divided by y.
19
Let b(s) = -s**2 - 10*s - 11. Let l(x) = -x**2 + 3*x - 8*x + 2*x - 6*x - 10. Let c(y) = -3*b(y) + 2*l(y). Calculate the remainder when 2 is divided by c(-11).
0
Let y(l) = -l**2 - 1. Let r be y(1). Let n be (16/24)/(r/(-15)). Suppose 0 = -n*p - 0*p + 90. What is the remainder when 33 is divided by p?
15
Suppose -4*f = 2*u - 144, -12*u = 4*f - 13*u - 150. Calculate the remainder when f is divided by 2.
1
What is the remainder when 140/(-350) + 2082/5 is divided by 15?
11
Calculate the remainder when (-90 - 4)*-3*4/12 is divided by 16.
14
Suppose u - 19 = 3*a, 0 = -2*u - 2*u + a + 76. Calculate the remainder when 56 is divided by u.
18
Let i = -2 + 6. Suppose 0 = i*n - n - 18. What is the remainder when n is divided by 3?
0
Suppose 2*d - 8 = d. What is the remainder when 19 is divided by d/1 - (-10 + 12)?
1
Suppose f - 5*f = 4*v - 156, -4*v + 5*f = -120. Suppose 2*m + 28 = 4*j, -m + v = 7*j - 2*j. What is the remainder when (-22 - (-2 - 1))*-1 is divided by j?
5
Let u = 9 + 1. Suppose 0 = 4*l + 11 + 145. Let f = l - -58. What is the remainder when f is divided by u?
9
Suppose -2*r - 9*y + 131 = -4*y, -18 = -r + 7*y. Calculate the remainder when 899 is divided by r.
51
Let z(q) = -40*q + 21. What is the remainder when z(-9) is divided by 32?
29
Let l = -464 - -678. What is the remainder when l is divided by 12?
10
Let a(u) = -4*u**3 - 4*u**2 + u + 3. Let j be a(-3). Suppose 0*g - j = -4*g. Calculate the remainder when 958/18 - (7 - (-244)/(-36)) is divided by g.
17
Suppose -3*j + 443 = 2*g, j - 4*g + 584 = 5*j. Let v = j + -131. What is the remainder when 76 is divided by v?
16
Let f be -4*((-9)/(-12) - 3/2). Suppose -2*q + f = -149. Calculate the remainder when q is divided by 20.
16
What is the remainder when (-594)/(-72)*-6*(-16)/18 is divided by 12?
8
Let u(z) = z**3 + 40*z**2 - 2*z - 43. What is the remainder when 45 is divided by u(-40)?
8
Calculate the remainder when ((-410)/4)/((-6)/(-4) + -2) is divided by 14.
9
Suppose -20*z - 3 = -21*z, 5*z - 155 = -5*m. Calculate the remainder when 110 is divided by m.
26
Let d = -108 - -183. Suppose -2*x = -6*y + 11*y - 4, -2*x - 3*y + 8 = 0. Suppose x*r = 292 - d. What is the remainder when r is divided by 11?
9
Let l(o) = -o**2 - 7*o - 6. Suppose -p + 7 = 5*d, -d + 1 = p + 2. Let v(w) = 2*w**2 + 2*w + 3. Calculate the remainder when v(p) is divided by l(-4).
3
Suppose -10 = -z + 15. Suppose -534 = -3*x - 2*j, -280 = -x - 4*j - 112. Suppose 5*w - x = 180. Calculate the remainder when w is divided by z.
22
Let o be 0 + -2 - 1 - -183. Calculate the remainder when 3 is divided by 32/15 - 24/o.
1
Suppose 9*p - 11*p + 24 = 0. Let y = p - 10. Calculate the remainder when y is divided by 2.
0
Calculate the remainder when (8/20)/2 + (-4347)/(-15) is divided by 73.
71
What is the remainder when 375 is divided by (-9)/4*5/((-10)/24)?
24
Suppose -227 = -16*r + 13. What is the remainder when r is divided by 13?
2
Let h(y) = 11*y - 9. Calculate the remainder when 137/4 - 17/68 is divided by h(2).
8
Suppose -4*y = 5*f - 22 - 283, 135 = 2*y - f. Suppose 49 = 17*z - y. What is the remainder when (-244)/(-10) - (-4)/(-10) is divided by z?
3
Suppose -f = 4*f + 260. Let a = f - -74. Let y(r) = r**2 - 19*r + 26. Calculate the remainder when a is divided by y(18).
6
Let d = -41 - -87. Suppose -3*u = -34 - 2. What is the remainder when d is divided by u?
10
Suppose 49*v = 48*v + 19. Let z(h) = -h**2 + 18*h + 21. What is the remainder when 4 is divided by z(v)?
0
Let c = 579 + -235. What is the remainder when c is divided by 50?
44
Let r(a) = -2*a + 6. Let j be r(-4). What is the remainder when j - (5 - (3 + -1)) is divided by 4?
3
Suppose 3*l - f + 124 = 206, -4*f = -4*l + 96. Let i be 53/4 + (-3)/12. Suppose -2*s + i = -7. What is the remainder when l is divided by s?
9
Suppose 4*j - 28 = 2*s, -j + 9 = -5*s + 4*s. What is the remainder when 178/3 + 1/(-3) is divided by 1 + s + (2 - -16)?
14
Suppose 2*v + 516 = 4*o, 4*v = o - 8 - 128. What is the remainder when o is divided by 33?
29
Calculate the remainder when (-921)/((-26)/(-13) - 22/8) is divided by 77.
73
What is the remainder when (5/(-15))/(((-1)/45)/1) is divided by 9?
6
Let w = 2 + 0. Let o = 1529 + -1493. What is the remainder when o is divided by w?
0
Suppose 5*w = 3*p + w - 100, -2*w - 120 = -4*p. What is the remainder when 194 is divided by p?
26
Let j(n) = 5*n. Calculate the remainder when j(7) is divided by (25/5 - 6)*-19.
16
Suppose -3*y + 140 = 5*i, -2*y + 3*i = i - 88. Calculate the remainder when 402 is divided by y.
42
Let s(o) = -42*o + 173. What is the remainder when s(-3) is divided by 86?
41
Calculate the remainder when 48 is divided by -11 + 22 - (-3 - -1).
9
Suppose 4*m + 2*t = m + 17, 2*t + 4 = 4*m. Let j(n) = 7*n**2 - 5*n + 2. Let s be j(m). Suppose s + 121 = 3*h. What is the remainder when h is divided by 15?
12
Suppose -5*s = 3*z - s - 1182, 3*z - 3*s - 1203 = 0. What is the remainder when (-1*z/(-3))/((-2)/(-3)) is divided by 40?
39
Let q be 3*(10/15 - 0). Let b be (4/(-4) + q)*2. Suppose -3*h + b*h + 21 = 0. Calculate the remainder when h is divided by 12.
9
Calculate the remainder when 140 is divided by (-12)/(-78) - (-2841)/39.
67
Suppose q + 4*q - 20 = 0. Suppose 0 = -q*j + 5 + 11. Calculate the remainder when -3*(j - 3)*-31 is divided by 24.
21
Let r = 560 + -543. Suppose -2*o - 332 = -6*o. What is the remainder when o is divided by r?
15
Suppose -2*k + 5 = -k, -2*f + 5*k = -89. Let d = -27 + f. Suppose 3*g - 428 + 77 = 0. What is the remainder when g is divided by d?
27
Calculate the remainder when (-279865)/(-1506) - 5/6 is divided by 28.
17
Let k(o) = -4*o. Let s be 30/(-18)*3/(-1). Suppose 273 = s*j + 43. Calculate the remainder when j is divided by k(-3).
10
Suppose -35 - 19 = -2*b. What is the remainder when 92 is divided by b?
11
Let a = -50 + 70. Suppose 3*k + 2*k = a. Suppose 0 = l + 3*y - 22, 0 = -2*l + y + 9 + 7. What is the remainder when l is divided by k?
2
Let h be ((-3)/6)/((-3)/(-6) - 0). Let c = h - -24. What is the remainder when 91 is divided by c?
22
Suppose -44*h + 51 + 476 = -13*h. Calculate the remainder when 692/6 - (-10)/15 is divided by h.
14
Let a = -5 + 15. Suppose y - a + 2 = l, 0 = -3*y + l + 14. Suppose g + y*m = 5, 4*m + 20 = g + 3*g. Calculate the remainder when g is divided by 2.
1
Suppose 0 = -2*k + 3*k + 9. Let g(y) = -y**3 - 8*y**2 + 8*y - 1. Suppose -16*r + 11*r = -110. What is the remainder when r is divided by g(k)?
6
Let y = -25 - -16. Suppose 0 = -2*d + 2 - 8. What is the remainder when 37 is divided by d + (3 - 1 - y)?
5
Let x(c) = 4*c - 25. Let y(h) = h - 2*h + 0*h. Calculate the remainder when x(9) is divided by y(-6).
5
Let v(b) = 19*b**3 + b. Let w = -13 - -24. Suppose 4*o - 14 = -5*t + w, 5*o - 21 = 4*t. Calculate the remainder when 39 is divided by v(t).
19
Let q = 249 - 187. What is the remainder when 246 is divided by q?
60
Let x = 11 + -7. Suppose -3*s = -x*z - 32, 4*s + 2 = 5*s + 3*z. What is the remainder when 35 is divided by s?
3
Suppose -28*c = -34*c + 366. What is the remainder when c is divided by 25?
11
Let c be 45/40 + 3/(-24). Let l = c + 27. Calculate the remainder when l is divided by 10.
8
Calculate the remainder when (-1)/6*2 - 404/(-6) is divided by 37.
30
Let m(o) be the second derivative of o**5/20 + o**4/12 + o**3/6 - o*